 + 10, -5*r - 30 = 5*q - k*q. Determine v(q).
-10
Let o(f) be the first derivative of -3*f**2/2 - 2*f + 148. What is o(-8)?
22
Let w(d) be the second derivative of d**5/20 - d**4/6 - d**3/2 + 2*d**2 - 8*d. Let h(x) = -11*x + 223. Let v be h(20). Give w(v).
4
Let k be 8/(-6)*4/((-24)/18). Let d(z) = -3*z + 5. Let u(a) = 2*a - 4. Let y(c) = k*u(c) + 3*d(c). Determine y(-7).
6
Let l = 0 + 3. Let h(t) = -t + 5. Let x(v) = -1. Let i(q) = -h(q) - 4*x(q). Let g(k) = -k + 5. Let o(p) = -g(p) - 2*i(p). Give o(l).
-6
Let q = -73 - -129. Let j = q - 56. Let n(i) = i**3 - i**2 + i - 3. What is n(j)?
-3
Let x(o) be the third derivative of 0 + 1/12*o**4 + 0*o + 26*o**2 + o**3. What is x(-6)?
-6
Let t(j) = 4*j - 11. Suppose 4*o + 21*y - 14 = 19*y, 4*o + 5*y = 11. Calculate t(o).
5
Let t(a) = 4*a - a + 2*a - 9 + a**2. Let n be 76/(-12) + (56/21)/(-4). What is t(n)?
5
Let f(h) = h**2 + 16*h - 104. Let d be f(-21). Let t be 8/1 - (3 + -1). Let q(c) = -1. Let k(v) = -4*v + 5. Let l(g) = t*q(g) + k(g). Determine l(d).
-5
Let m(b) be the third derivative of -1/3*b**3 + 0 + 1/24*b**4 + 0*b - 6*b**2. Suppose 3*l - 8*l = -25. Give m(l).
3
Let v(m) = m**2 - 4*m + 2. Suppose -n - 4*s = -14 + 3, 3 = -3*s. Let c = n + -13. Let o(i) = 4*i - 5. Let k be o(c). Determine v(k).
-1
Let t(n) = -9 + 149*n - 289*n + 144*n + n**2. Determine t(-5).
-4
Suppose 9*a + 10 = 11*a. Let s(d) = 2*d - 15. Give s(a).
-5
Let c be 6 + 1 + -5 + -1. Suppose -4*h - h + 17 = u, -4*u - c = -3*h. Let r(m) = 5*m**2 + u - m**3 + 2 - 3*m - m**2 - 1. Determine r(4).
-9
Suppose 2*r - 7 + 1 = 0. Let m(a) = 3*a - 30. Let j be m(13). Let v(n) = -17 + 3*n + j + 6 + 4. Determine v(r).
11
Let r(h) = -h**2 + h**2 - 1 + h**2 - h - 4*h. Give r(4).
-5
Let i(z) = 3*z + 6. Let p = -76 - -300. Let x be ((-1)/(-2))/(7/p*-4). Determine i(x).
-6
Let m(a) = -a + 14. Let x = -47 + 51. Suppose -x*z + 5*p - 1 = 0, 0*z + z + 4 = 2*p. Calculate m(z).
8
Let w(z) be the second derivative of z**6/360 - z**5/40 + 5*z**4/12 + 19*z. Let k(s) be the third derivative of w(s). Determine k(4).
5
Let x(a) = -7*a**3 - 3*a**3 + 2*a + 9*a**3 - a. Suppose 5 + 3 = 4*u. Calculate x(u).
-6
Let n(t) = t + 4 - 4. Let a(v) = v - 4. Let o(b) = -a(b) + 6*n(b). Determine o(-3).
-11
Let h(g) = 5*g**3 - 2*g**2 - 2*g - 1. Let p(i) be the third derivative of -11*i**2 + 0 + 0*i + 11/6*i**3 - 1/8*i**4. Let w be p(4). What is h(w)?
-6
Suppose -3*m = -19*m - 48. Let k(o) = -o**3 - 3*o**2 + o - 3. What is k(m)?
-6
Let g(q) = -q**2 - 1. Let a(o) = 19*o**2 + 1. Let z be a(-1). Suppose 0 = 7*s - 2*s - z. Suppose -d + 1 = s*l, l = -0*d + 4*d + 13. What is g(l)?
-2
Let b = -1676 + 1680. Let z(q) = -4*q - 3. Give z(b).
-19
Let i(l) be the second derivative of l**3/6 + 19*l**2/2 + 457*l. Determine i(-20).
-1
Let i(w) = -11*w + 10. Let x(s) = -15*s + 15. Let j(b) = 7*b - 7. Let g(v) = 5*j(v) + 2*x(v). Let r(d) = -9*g(d) - 4*i(d). Give r(5).
0
Let s(a) = -4*a**2 + 4. Suppose 0 = -2*b - b. Let g(y) = 17*y**2 + y - 16*y**2 + b*y. Let n(p) = -3*g(p) - s(p). What is n(5)?
6
Let p(z) = z**2 - z - 3. Suppose c = 2*c - 5*t + 54, 182 = -5*c + 3*t. Let r = c + 34. Suppose -3 = -g - r*i - i, 15 = 5*g + 4*i. Give p(g).
3
Suppose 0*l + 12 = 3*l. Let k(i) = -i**3 + 4*i**2 - 2*i + 5. Let u be k(l). Let n(d) be the second derivative of -d**3/6 - 2*d**2 - 11*d. Calculate n(u).
-1
Let h be (-20 + 2)/(9/27). Let z = h - -56. Let j(k) = k**3 - k**2 - k + 1. Determine j(z).
3
Let q(h) = -h**2 - 2. Let s = -57 - -55. Let w be 2/s*0/(-5). Calculate q(w).
-2
Let z(x) = -x**3 - 40*x**2 - 75*x + 39. Let p be z(-38). Let t(u) be the third derivative of -u**6/20 + u**4/12 - u**3/6 - u**2. Calculate t(p).
-5
Let y(a) = -4*a - 3. Suppose 21*g + 377 = 503. Give y(g).
-27
Let r(s) be the second derivative of -s**6/90 + s**5/40 + 7*s**4/4 + 7*s. Let l(a) be the third derivative of r(a). Give l(3).
-21
Let r(g) be the first derivative of g**4/4 - 8*g**3/3 + g**2/2 - 4*g + 82. Give r(8).
4
Let c(x) = -x**2 + x - 1. Let a be 0/(-2) - 8 - -8. Give c(a).
-1
Let k(a) = 6 + 6 - 4 - 3*a. Determine k(6).
-10
Let r(f) be the second derivative of -f**5/20 + f**4/6 - f**3/3 - 3*f**2/2 + 453*f. Calculate r(2).
-7
Suppose 35 + 7 = 7*l. Let c(g) be the second derivative of g**3/6 + 2*g. Determine c(l).
6
Suppose 0 = -o - 2*o + 72. Suppose -o = -w + 5*w. Let v(d) = 3*d + 6 + 0 - 1. What is v(w)?
-13
Suppose -6 = -33*w - 39. Let c(x) = 3*x + 1. Give c(w).
-2
Let p(i) = -i**3 - 2*i**2 - i - 1. Let z(o) = 3*o**2 + 60*o + 54. Let m be z(-19). What is p(m)?
11
Let f(r) be the second derivative of r**4/12 + 3*r**3/2 + 3*r**2 + 363*r. What is f(-4)?
-14
Let r(n) = n**2 + 10*n - 14. Let d(y) = 20*y - 346. Let x be d(17). What is r(x)?
-38
Let u(m) be the second derivative of m**3/6 + 5*m**2/2 + 7*m - 4. Calculate u(-4).
1
Let q(g) be the second derivative of 2*g**3/3 + g**2 - 5*g. Suppose 0 = -5*w - 4*b + 23, 3*b = w - 1 + 4. What is q(w)?
14
Let f = -57 + 50. Let s(o) = 3*o + 4. Give s(f).
-17
Let h(o) = -7*o + 1 + 3*o**2 - 3*o**3 + 4*o + 5*o + 2*o**3. Calculate h(3).
7
Let k be (260/8)/(-5) - 2/4. Let c(a) = 7*a - 8. Determine c(k).
-57
Let z = 33 + -30. Suppose 4*m + 17 = -z*i, 2*m + 0*i = 4*i - 14. Let v(l) = l**2 + 4*l - 3. Give v(m).
2
Let j(x) = -x**3 - 2*x**2 + x + 2. Let b be (5/(-10))/((-1)/4). Determine j(b).
-12
Suppose 8 = 4*n - u, -n = 4*n + u - 19. Let h(v) = 12*v**n - 7*v**3 - 2*v**2 - v + 0*v**2. What is h(-1)?
-6
Suppose t - 4*y = -14, 3*y = -5*t - 0*y - 24. Let o(q) = -q**2 - 10*q + 7. Let c(m) = -m**2 - 9*m + 7. Let a(g) = -6*c(g) + 5*o(g). What is a(t)?
5
Let l(o) be the third derivative of -o**6/120 + o**5/5 + 7*o**4/12 - 7*o**3/6 - 12*o**2. Let c be l(13). Let s(d) = -d + 14. Determine s(c).
8
Suppose -2*k - 12 = -4*m, -4*m + 11 + 1 = -k. Let b = -5 + 7. Let w(z) = -14*z**2 - 7*z**2 - z**3 - 1 + 21*z**b. Determine w(k).
-1
Let k(t) = t**2 - 2. Let o(m) = m**3 - 8*m**2 + 8*m. Let v be o(7). Let n = 9 - v. Determine k(n).
2
Let s(j) = j - 4*j + 6*j - 4*j. Let p(f) = f**2 + 5*f + 1. Let i(g) = p(g) + 4*s(g). What is i(-2)?
3
Let v(o) = -7*o**2 - 2*o - 2. Let h(x) = 6*x**2 + x + 2. Let c(s) = 6*h(s) + 5*v(s). Determine c(4).
2
Let m(g) be the first derivative of -g**2/2 + 3*g - 99. Determine m(-2).
5
Let b(z) be the third derivative of -z**7/840 + z**6/45 - z**5/24 - z**4/8 - z**3/2 + 5*z**2. Let g(s) be the first derivative of b(s). Determine g(7).
11
Let k(s) = s - s**2 + 6*s**3 + 0*s**2 + 0*s - 5*s**3. Let h(a) = -a**3 - 2*a**2 - 2*a - 2. Let y be h(-2). Calculate k(y).
6
Let s(r) = 2 + 0 - 1 - 4*r + 10*r. Let v be (4 + -5)*(-2)/(-2). Calculate s(v).
-5
Let h(w) = 6*w + 0*w + 2*w - 20*w - 3 + 11*w. Give h(3).
-6
Let x = 186 - 183. Let j(y) = -2*y - 2. What is j(x)?
-8
Let g(y) = 7*y + 9. Let j(f) = 4*f + 5. Let z(d) = -3*g(d) + 5*j(d). Suppose 2*s + 25 = 9. Determine z(s).
6
Let b(h) = h**3 - 3*h**2 - 2*h + 3. Suppose 0 = 4*p - 3 + 35. Let g(l) = -l**3 - 7*l**2 + 8*l + 2. Let q be g(p). Let t be (-3)/2*(q + -4). Give b(t).
-3
Let v(f) be the first derivative of f**4/4 + 3*f**3 + f**2/2 + 13*f + 84. Determine v(-9).
4
Suppose -20 = -4*u + 61*r - 65*r, 5*r - 26 = -4*u. Suppose -2 = -2*m + 4. Let x(t) = -m*t + t - 2*t. What is x(u)?
4
Let n = -38 - -40. Let g be (13 - 9) + 9/(-3 + n). Let u(v) = -v**2 - 7*v - 6. What is u(g)?
4
Suppose 5*a - 5*l = a + 204, -4*l = 5*a - 296. Let i(r) = 6 + 22*r + r**2 + 26*r - a*r. Give i(8).
6
Let y(n) = 19*n**3 + 3*n**2 - 3 - 12*n**3 - 6*n**3 - 5*n. What is y(-4)?
1
Let m = -8 - -11. Let x(q) = q**3 - 4*q**2 - 3*q + 2. Let n be x(m). Let z = n + 19. Let u(k) = -k + 5. Determine u(z).
2
Let x(w) = w - 3*w + 4*w + 7*w. Suppose 8 = 3*d + 2. Determine x(d).
18
Let c(q) = -q**3 + 5*q**2 + 4*q - 5. Suppose 4*x = 5*x - 22. Let k be 5 - x - (1 + 2). Let r be (5/(-2))/(10/k). Determine c(r).
15
Let v = 89 + -86. Suppose -3*m + 8 = v*s - 4*m, -3*s = -4*m + 4. Let h(i) = -i**2 + 6*i - 5. Calculate h(s).
3
Let a be -6*(2 - (-5)/(-3)). Let o be (5 - 0) + (a - -2). Let c(r) = 4*r**2 + 6 - 3*r**2 - 4*r - 1. What is c(o)?
10
Let w be (3 - 0)*(-2)/(-3). Let h(q) = 2 + q**w - 2*q + 0*q**2 - 2*q. Suppose 552 + 483 = 193*p + 152*p. Give h(p).
-1
Let y(k) be the third derivative of -2/3*k**3 + 5/24*k**4 - 26*k**2 + 0 + 0*k. Calculate y(-3).
-19
Suppose 0 = -3*r + 2*v - 17, 3*r + 2*v +